{"id":1115,"date":"2020-05-21T05:06:29","date_gmt":"2020-05-21T05:06:29","guid":{"rendered":"https:\/\/www.roelandtameling.nl\/?page_id=1115"},"modified":"2020-05-21T05:39:43","modified_gmt":"2020-05-21T05:39:43","slug":"elementor-1115","status":"publish","type":"page","link":"https:\/\/www.roelandtameling.nl\/?page_id=1115","title":{"rendered":"Strategie"},"content":{"rendered":"\t\t<div data-elementor-type=\"wp-post\" data-elementor-id=\"1115\" class=\"elementor elementor-1115\">\n\t\t\t\t\t\t<section class=\"elementor-section elementor-top-section elementor-element elementor-element-8df19e6 elementor-section-boxed elementor-section-height-default elementor-section-height-default\" data-id=\"8df19e6\" data-element_type=\"section\" data-e-type=\"section\">\n\t\t\t\t\t\t<div class=\"elementor-container elementor-column-gap-default\">\n\t\t\t\t\t<div class=\"elementor-column elementor-col-100 elementor-top-column elementor-element elementor-element-85e0b02\" data-id=\"85e0b02\" data-element_type=\"column\" data-e-type=\"column\">\n\t\t\t<div class=\"elementor-widget-wrap elementor-element-populated\">\n\t\t\t\t\t\t<div class=\"elementor-element elementor-element-60a400d elementor-widget elementor-widget-text-editor\" data-id=\"60a400d\" data-element_type=\"widget\" data-e-type=\"widget\" data-widget_type=\"text-editor.default\">\n\t\t\t\t<div class=\"elementor-widget-container\">\n\t\t\t\t\t\t\t\t\t<h2 class=\"section-heading wow zoomIn\">Verder kijken dan je neus lang is<\/h2><p><em>City Result zet zich in voor een integrale benadering bij de marketingopgave voor je gebied, je stad, je regio. Een strategisch plan is daarbij een kompas. Het houdt de citymarketing op koers. Het is een waakhond, want het beschermt je tegen ondoordachte beslissingen en verleidingen. Het is een toetssteen: het controleert of de goede voornemens ook inderdaad worden gerealiseerd. Maar het is vooral een hulpmiddel. Het structureert gesprekken met interne en externe partijen. Want citymarketing doe je samen. Doen jullie mee?<\/em><\/p>\t\t\t\t\t\t\t\t<\/div>\n\t\t\t\t<\/div>\n\t\t\t\t\t<\/div>\n\t\t<\/div>\n\t\t\t\t\t<\/div>\n\t\t<\/section>\n\t\t\t\t<section class=\"elementor-section elementor-top-section elementor-element elementor-element-8b8061a elementor-section-boxed elementor-section-height-default elementor-section-height-default\" data-id=\"8b8061a\" data-element_type=\"section\" data-e-type=\"section\">\n\t\t\t\t\t\t<div class=\"elementor-container elementor-column-gap-default\">\n\t\t\t\t\t<div class=\"elementor-column elementor-col-100 elementor-top-column elementor-element elementor-element-252ce7f\" data-id=\"252ce7f\" data-element_type=\"column\" data-e-type=\"column\">\n\t\t\t<div class=\"elementor-widget-wrap elementor-element-populated\">\n\t\t\t\t\t\t<div class=\"elementor-element elementor-element-4e416bc elementor-widget elementor-widget-text-editor\" data-id=\"4e416bc\" data-element_type=\"widget\" data-e-type=\"widget\" data-widget_type=\"text-editor.default\">\n\t\t\t\t<div class=\"elementor-widget-container\">\n\t\t\t\t\t\t\t\t\t<p>&#8221;De toekomst van Europa is het Europa dat nu al een realiteit is. Europa is het recreatiegebied voor de rest van de wereld,&#8221; zegt een van de personages in <a href=\"https:\/\/iljapfeijffer.com\/werk\/proza\/grand-hotel-europa\/\" target=\"_blank\" rel=\"noopener\">&#8216;Grand Hotel Europa&#8217;<\/a>, de roman van Ilja Leonard Pfeijffer. Het Avondland is in dit scenario vergrijsd en improductief. Geschiedenis is het voornaamste dat Europa nog te bieden heeft. En geschiedenis trekt toerisme. Vooral uit economisch meer dynamische regio\u2019s zoals China. Dit voor veel mensen verontrustende en sowieso weemoedige gegeven wordt in &#8216;Grand Hotel Europa&#8217; toegelicht en past in verwachtingen van verschillende trendwatchers. Volgens hen is het niet de vraag of dit gebeurt, maar hoe snel dat gaat. Die lijn zou je ook door kunnen trekken naar de verwachtingen voor je eigen omgeving. Of niet?<\/p><p>\u00a0<\/p>\t\t\t\t\t\t\t\t<\/div>\n\t\t\t\t<\/div>\n\t\t\t\t\t<\/div>\n\t\t<\/div>\n\t\t\t\t\t<\/div>\n\t\t<\/section>\n\t\t\t\t<section class=\"elementor-section elementor-top-section elementor-element elementor-element-d56cd97 elementor-section-boxed elementor-section-height-default elementor-section-height-default\" data-id=\"d56cd97\" data-element_type=\"section\" data-e-type=\"section\">\n\t\t\t\t\t\t<div class=\"elementor-container elementor-column-gap-default\">\n\t\t\t\t\t<div class=\"elementor-column elementor-col-50 elementor-top-column elementor-element elementor-element-5afff98\" data-id=\"5afff98\" data-element_type=\"column\" data-e-type=\"column\">\n\t\t\t<div class=\"elementor-widget-wrap elementor-element-populated\">\n\t\t\t\t\t\t<div class=\"elementor-element elementor-element-84a3f0e elementor-widget elementor-widget-image\" data-id=\"84a3f0e\" data-element_type=\"widget\" data-e-type=\"widget\" data-widget_type=\"image.default\">\n\t\t\t\t<div class=\"elementor-widget-container\">\n\t\t\t\t\t\t\t\t\t\t\t\t\t\t\t<img fetchpriority=\"high\" decoding=\"async\" width=\"500\" height=\"467\" src=\"https:\/\/i0.wp.com\/www.roelandtameling.nl\/wp-content\/uploads\/2020\/05\/scenarios-rabobank-e1592137645220.png?fit=500%2C467&amp;ssl=1\" class=\"attachment-large size-large wp-image-1117\" alt=\"\" \/>\t\t\t\t\t\t\t\t\t\t\t\t\t\t\t<\/div>\n\t\t\t\t<\/div>\n\t\t\t\t\t<\/div>\n\t\t<\/div>\n\t\t\t\t<div class=\"elementor-column elementor-col-50 elementor-top-column elementor-element elementor-element-aa49f64\" data-id=\"aa49f64\" data-element_type=\"column\" data-e-type=\"column\">\n\t\t\t<div class=\"elementor-widget-wrap elementor-element-populated\">\n\t\t\t\t\t\t<div class=\"elementor-element elementor-element-039d3fc elementor-widget elementor-widget-text-editor\" data-id=\"039d3fc\" data-element_type=\"widget\" data-e-type=\"widget\" data-widget_type=\"text-editor.default\">\n\t\t\t\t<div class=\"elementor-widget-container\">\n\t\t\t\t\t\t\t\t\t<p>Er zijn de afgelopen tijd verschillende toekomstscenario\u2019s geschetst door trendwatchers, financi\u00eble instellingen en andere lange termijndenkers. Wij hanteren hiervoor het\u00a0<a href=\"https:\/\/economie.rabobank.com\/publicaties\/2020\/april\/coronacrisis-vraagt-om-een-nieuwe-inrichting-van-de-nederlandse-samenleving\/\" target=\"_blank\" rel=\"noopener\">kwadrant dat de Rabobank heeft opgesteld<\/a>\u00a0met de assen \u201cWeinig overheid vs. Veel overheid\u201d en \u201cEffici\u00ebnte groei vs. Robuuste welvaart\u201d.\u00a0<em>Welk scenario werkelijkheid wordt, weet niemand<\/em>. Maar we bereiden ons wel voor op de komende jaren, door ons bewust te zijn van de impact die ieder scenario heeft.<\/p>\t\t\t\t\t\t\t\t<\/div>\n\t\t\t\t<\/div>\n\t\t\t\t\t<\/div>\n\t\t<\/div>\n\t\t\t\t\t<\/div>\n\t\t<\/section>\n\t\t\t\t<section class=\"elementor-section elementor-top-section elementor-element elementor-element-474c250 elementor-section-boxed elementor-section-height-default elementor-section-height-default\" data-id=\"474c250\" data-element_type=\"section\" data-e-type=\"section\">\n\t\t\t\t\t\t<div class=\"elementor-container elementor-column-gap-default\">\n\t\t\t\t\t<div class=\"elementor-column elementor-col-100 elementor-top-column elementor-element elementor-element-57cea09\" data-id=\"57cea09\" data-element_type=\"column\" data-e-type=\"column\">\n\t\t\t<div class=\"elementor-widget-wrap elementor-element-populated\">\n\t\t\t\t\t\t<div class=\"elementor-element elementor-element-d53d718 elementor-widget elementor-widget-text-editor\" data-id=\"d53d718\" data-element_type=\"widget\" data-e-type=\"widget\" data-widget_type=\"text-editor.default\">\n\t\t\t\t<div class=\"elementor-widget-container\">\n\t\t\t\t\t\t\t\t\t<p>We hopen, dat <em>robuuste welvaart<\/em> wordt verkozen boven effici\u00ebnte groei. In dat laatste geval wordt een vorm van <a href=\"https:\/\/forge.medium.com\/prepare-for-the-ultimate-gaslighting-6a8ce3f0a0e0\">\u2018rebound marketing\u2019<\/a> van ons verwacht (enkel consumenten aanzetten tot meer consumptie) en daar ligt niet ons hart. De behoefte aan robuuste of brede welvaart boven eendimensionale (economische) groeidoelstellingen lijkt nu weliswaar door de crisis versterkt te zijn bij een groot deel van de Nederlanders, maar niet bij iedereen. Dus of en hoe we daadwerkelijk invulling geven aan de benodigde transformatie, is nog niet uitgekristalliseerd. Maar dat iedere citymarketeer en gebiedsmanager de verantwoordelijkheid zou moeten voelen om hiertoe te inspireren, zelf het goede voorbeeld te geven en mooie woorden te vertalen in aansprekende acties lijkt duidelijk.<\/p>\t\t\t\t\t\t\t\t<\/div>\n\t\t\t\t<\/div>\n\t\t\t\t\t<\/div>\n\t\t<\/div>\n\t\t\t\t\t<\/div>\n\t\t<\/section>\n\t\t\t\t<section class=\"elementor-section elementor-top-section elementor-element elementor-element-949dc22 elementor-section-boxed elementor-section-height-default elementor-section-height-default\" data-id=\"949dc22\" data-element_type=\"section\" data-e-type=\"section\">\n\t\t\t\t\t\t<div class=\"elementor-container elementor-column-gap-default\">\n\t\t\t\t\t<div class=\"elementor-column elementor-col-100 elementor-top-column elementor-element elementor-element-8d8dd19\" data-id=\"8d8dd19\" data-element_type=\"column\" data-e-type=\"column\">\n\t\t\t<div class=\"elementor-widget-wrap elementor-element-populated\">\n\t\t\t\t\t\t<div class=\"elementor-element elementor-element-a0a24c1 elementor-widget elementor-widget-heading\" data-id=\"a0a24c1\" data-element_type=\"widget\" data-e-type=\"widget\" data-widget_type=\"heading.default\">\n\t\t\t\t<div class=\"elementor-widget-container\">\n\t\t\t\t\t<h2 class=\"elementor-heading-title elementor-size-default\">Voorzet voor enkele strategische keuzes: <\/h2>\t\t\t\t<\/div>\n\t\t\t\t<\/div>\n\t\t\t\t\t<\/div>\n\t\t<\/div>\n\t\t\t\t\t<\/div>\n\t\t<\/section>\n\t\t\t\t<section class=\"elementor-section elementor-top-section elementor-element elementor-element-2d1bf26 elementor-section-boxed elementor-section-height-default elementor-section-height-default\" data-id=\"2d1bf26\" data-element_type=\"section\" data-e-type=\"section\">\n\t\t\t\t\t\t<div class=\"elementor-container elementor-column-gap-default\">\n\t\t\t\t\t<div class=\"elementor-column elementor-col-100 elementor-top-column elementor-element elementor-element-86f44e4\" data-id=\"86f44e4\" data-element_type=\"column\" data-e-type=\"column\">\n\t\t\t<div class=\"elementor-widget-wrap elementor-element-populated\">\n\t\t\t\t\t\t<div class=\"elementor-element elementor-element-681a569 elementor-widget elementor-widget-heading\" data-id=\"681a569\" data-element_type=\"widget\" data-e-type=\"widget\" data-widget_type=\"heading.default\">\n\t\t\t\t<div class=\"elementor-widget-container\">\n\t\t\t\t\t<h3 class=\"elementor-heading-title elementor-size-default\">van marketing naar gebiedsmanagement<\/h3>\t\t\t\t<\/div>\n\t\t\t\t<\/div>\n\t\t\t\t\t<\/div>\n\t\t<\/div>\n\t\t\t\t\t<\/div>\n\t\t<\/section>\n\t\t\t\t<section class=\"elementor-section elementor-top-section elementor-element elementor-element-50d9653 elementor-section-boxed elementor-section-height-default elementor-section-height-default\" data-id=\"50d9653\" data-element_type=\"section\" data-e-type=\"section\">\n\t\t\t\t\t\t<div class=\"elementor-container elementor-column-gap-default\">\n\t\t\t\t\t<div class=\"elementor-column elementor-col-100 elementor-top-column elementor-element elementor-element-a4dce93\" data-id=\"a4dce93\" data-element_type=\"column\" data-e-type=\"column\">\n\t\t\t<div class=\"elementor-widget-wrap elementor-element-populated\">\n\t\t\t\t\t\t<div class=\"elementor-element elementor-element-73ab28a elementor-widget elementor-widget-text-editor\" data-id=\"73ab28a\" data-element_type=\"widget\" data-e-type=\"widget\" data-widget_type=\"text-editor.default\">\n\t\t\t\t<div class=\"elementor-widget-container\">\n\t\t\t\t\t\t\t\t\t<p>Hierover heb ik in 2019 een <a href=\"https:\/\/drive.google.com\/open?id=1tRGcvowVFA1pD3V0RblyhjhkgrXg53hU\">presentatie<\/a> gegeven op basis van informatie European Cities Marketing. De focus ligt hierbij op destinatiemarketing organisaties (DMO\u2019s), maar kan ook worden vertaald naar een integrale citymarketing aanpak:<\/p><ul><li>We moeten beter inspelen op trendmatige <em>veranderingen<\/em><\/li><li>Liever inbound dan outbound: <em>Laat anderen het verhaal vertellen<\/em>. Beheer en deel hoogwaardige content die past bij onze doelstellingen<\/li><\/ul><p>We hebben de verantwoordelijkheid om te bouwen aan <em>toekomstbestendige DMO\u2019s<\/em>.<\/p>\t\t\t\t\t\t\t\t<\/div>\n\t\t\t\t<\/div>\n\t\t\t\t\t<\/div>\n\t\t<\/div>\n\t\t\t\t\t<\/div>\n\t\t<\/section>\n\t\t\t\t<section class=\"elementor-section elementor-top-section elementor-element elementor-element-8af7400 elementor-section-boxed elementor-section-height-default elementor-section-height-default\" data-id=\"8af7400\" data-element_type=\"section\" data-e-type=\"section\">\n\t\t\t\t\t\t<div class=\"elementor-container elementor-column-gap-default\">\n\t\t\t\t\t<div class=\"elementor-column elementor-col-100 elementor-top-column elementor-element elementor-element-da5dce4\" data-id=\"da5dce4\" data-element_type=\"column\" data-e-type=\"column\">\n\t\t\t<div class=\"elementor-widget-wrap elementor-element-populated\">\n\t\t\t\t\t\t<div class=\"elementor-element elementor-element-5673220 elementor-widget elementor-widget-heading\" data-id=\"5673220\" data-element_type=\"widget\" data-e-type=\"widget\" data-widget_type=\"heading.default\">\n\t\t\t\t<div class=\"elementor-widget-container\">\n\t\t\t\t\t<h3 class=\"elementor-heading-title elementor-size-default\">De toekomstbestendige DMO =<\/h3>\t\t\t\t<\/div>\n\t\t\t\t<\/div>\n\t\t\t\t\t<\/div>\n\t\t<\/div>\n\t\t\t\t\t<\/div>\n\t\t<\/section>\n\t\t\t\t<section class=\"elementor-section elementor-top-section elementor-element elementor-element-87c6821 elementor-section-boxed elementor-section-height-default elementor-section-height-default\" data-id=\"87c6821\" data-element_type=\"section\" data-e-type=\"section\">\n\t\t\t\t\t\t<div class=\"elementor-container elementor-column-gap-default\">\n\t\t\t\t\t<div class=\"elementor-column elementor-col-100 elementor-top-column elementor-element elementor-element-92384c8\" data-id=\"92384c8\" data-element_type=\"column\" data-e-type=\"column\">\n\t\t\t<div class=\"elementor-widget-wrap elementor-element-populated\">\n\t\t\t\t\t\t<div class=\"elementor-element elementor-element-8093732 elementor-widget elementor-widget-text-editor\" data-id=\"8093732\" data-element_type=\"widget\" data-e-type=\"widget\" data-widget_type=\"text-editor.default\">\n\t\t\t\t<div class=\"elementor-widget-container\">\n\t\t\t\t\t\t\t\t\t<p>Duurzame destinatie marketing \u00e9n management \u00e9n ontwikkeling voor bezoekers \u00e9n inwoners met focus op de h\u00e9le stad (regio) met nieuwe (innovatieve) partners en inspelend op maatschappelijke trends.<\/p><p>\u2026En daarom gaan we<\/p><ul><li>Innovatie en nieuwe initiatieven faciliteren<\/li><li>Originele content distribueren<\/li><li>Conversatie in de stad of regio modereren<\/li><li>Heimwee- en gebiedsontwikkeling stimuleren &amp; in de schijnwerpers zetten<\/li><li>De stad \/ regio en partners verbinden<\/li><li>Op originele en creatieve manieren mensen verwelkomen<\/li><\/ul><p>\u00a0<\/p><p>Maar dat waren we toch eigenlijk al van plan en doen we gedeeltelijk toch ook al?<\/p><p>Precies.<\/p><p>Het is de kunst om niet alleen te reageren op crises en incidenten, maar een stabiele koers in de juiste richting te varen (vergeef me de nautische metaforen \u2013 de gekozen profilering van Kampen speelt me af en toe parten J). En ik denk dat we vooral onze goede voornemens moeten waarmaken in de komende tijd, binnen de mogelijkheden die er zijn. Geen paniekvoetbal, maar duurzame en structurele investeringen doen in professionele destinatiemarketing, als deelopdracht binnen onze integrale citymarketingaanpak.<\/p><p>Kijk ter inspiratie eens naar de citymarketing strategie van Kampen, te downloaden via <a href=\"http:\/\/www.kampenpartners.nl\">www.kampenpartners.nl<\/a>.<\/p>\t\t\t\t\t\t\t\t<\/div>\n\t\t\t\t<\/div>\n\t\t\t\t\t<\/div>\n\t\t<\/div>\n\t\t\t\t\t<\/div>\n\t\t<\/section>\n\t\t\t\t<section class=\"elementor-section elementor-top-section elementor-element elementor-element-bd73950 elementor-section-boxed elementor-section-height-default elementor-section-height-default\" data-id=\"bd73950\" data-element_type=\"section\" data-e-type=\"section\">\n\t\t\t\t\t\t<div class=\"elementor-container elementor-column-gap-default\">\n\t\t\t\t\t<div class=\"elementor-column elementor-col-100 elementor-top-column elementor-element elementor-element-ddadf51\" data-id=\"ddadf51\" data-element_type=\"column\" data-e-type=\"column\">\n\t\t\t<div class=\"elementor-widget-wrap elementor-element-populated\">\n\t\t\t\t\t\t<div class=\"elementor-element elementor-element-97bd99e elementor-widget elementor-widget-heading\" data-id=\"97bd99e\" data-element_type=\"widget\" data-e-type=\"widget\" data-widget_type=\"heading.default\">\n\t\t\t\t<div class=\"elementor-widget-container\">\n\t\t\t\t\t<h3 class=\"elementor-heading-title elementor-size-default\">Praktisch aan de slag<\/h3>\t\t\t\t<\/div>\n\t\t\t\t<\/div>\n\t\t\t\t\t<\/div>\n\t\t<\/div>\n\t\t\t\t\t<\/div>\n\t\t<\/section>\n\t\t\t\t<section class=\"elementor-section elementor-top-section elementor-element elementor-element-0521346 elementor-section-boxed elementor-section-height-default elementor-section-height-default\" data-id=\"0521346\" data-element_type=\"section\" data-e-type=\"section\">\n\t\t\t\t\t\t<div class=\"elementor-container elementor-column-gap-default\">\n\t\t\t\t\t<div class=\"elementor-column elementor-col-100 elementor-top-column elementor-element elementor-element-ad3b188\" data-id=\"ad3b188\" data-element_type=\"column\" data-e-type=\"column\">\n\t\t\t<div class=\"elementor-widget-wrap elementor-element-populated\">\n\t\t\t\t\t\t<div class=\"elementor-element elementor-element-b921ce2 elementor-widget elementor-widget-text-editor\" data-id=\"b921ce2\" data-element_type=\"widget\" data-e-type=\"widget\" data-widget_type=\"text-editor.default\">\n\t\t\t\t<div class=\"elementor-widget-container\">\n\t\t\t\t\t\t\t\t\t<p>Ben je tevreden over je marketing strategie? Maak dan een realistisch, maar ambitieus <a href=\"https:\/\/www.slideshare.net\/RoelandTameling\/promotie-veenendaal-jaarplan-2011-2012-concept-3\" target=\"_blank\" rel=\"noopener\">actieplan<\/a>.<\/p><p>Bekijk via Slideshare een <a href=\"https:\/\/www.slideshare.net\/RoelandTameling\/promotie-veenendaal-jaarplan-2011-2012-concept-3\" target=\"_blank\" rel=\"noopener\">voorbeeld van zo\u2019n jaarplan dat ik ooit voor Promotie Veenendaal heb geschreven<\/a>.<\/p><p>Je kunt ook een leeg <a href=\"http:\/\/www.slideshare.net\/RoelandTameling\/sjabloon-citymarketing-jaarplan\" target=\"_blank\" rel=\"noopener\">sjabloon\u00a0marketing actieplan<\/a>\u00a0<a style=\"background-color: #ffffff;\" href=\"http:\/\/www.slideshare.net\/RoelandTameling\/sjabloon-citymarketing-jaarplan\">downloaden<\/a>, doe er je voordeel mee!<\/p><p>En vraag me gerust om hulp als je dat nodig hebt. Bel 06-17453490.<\/p><p>p.s. Op\u00a0<a style=\"background-color: #ffffff;\" href=\"http:\/\/www.citymarketingcollectief.nl\/\">www.citymarketingcollectief.nl<\/a>\u00a0vind je nog veel meer info over citymarketing en natuurlijk over de vijf leukste citymarketeers van Nederland. Nou ja, in ieder geval volgens onszelf. En je vindt een\u00a0<a style=\"background-color: #ffffff;\" href=\"http:\/\/www.citymarketingcollectief.nl\/over\/ervaring\/\">overzicht van plaatsen<\/a>waar we actief zijn (geweest). Nu werk ik zelf vooral hard aan de citymarketing van\u00a0<a style=\"background-color: #ffffff;\" href=\"https:\/\/stad.kampen.nl\/nl\/\">Kampen<\/a>\u00a0en aan het parkmanagement op bedrijventerrein\u00a0<a style=\"background-color: #ffffff;\" href=\"http:\/\/www.lageweide.nl\/\">Lage Weide<\/a> in Utrecht.<\/p>\t\t\t\t\t\t\t\t<\/div>\n\t\t\t\t<\/div>\n\t\t\t\t\t<\/div>\n\t\t<\/div>\n\t\t\t\t\t<\/div>\n\t\t<\/section>\n\t\t\t\t<section class=\"elementor-section elementor-top-section elementor-element elementor-element-a18d1e5 elementor-section-boxed elementor-section-height-default elementor-section-height-default\" data-id=\"a18d1e5\" data-element_type=\"section\" data-e-type=\"section\">\n\t\t\t\t\t\t<div class=\"elementor-container elementor-column-gap-default\">\n\t\t\t\t\t<div class=\"elementor-column elementor-col-100 elementor-top-column elementor-element elementor-element-d46dc24\" data-id=\"d46dc24\" data-element_type=\"column\" data-e-type=\"column\">\n\t\t\t<div class=\"elementor-widget-wrap elementor-element-populated\">\n\t\t\t\t\t\t<div class=\"elementor-element elementor-element-9c1a5bd elementor-widget elementor-widget-image\" data-id=\"9c1a5bd\" data-element_type=\"widget\" data-e-type=\"widget\" data-widget_type=\"image.default\">\n\t\t\t\t<div class=\"elementor-widget-container\">\n\t\t\t\t\t\t\t\t\t\t\t\t\t\t\t<img decoding=\"async\" width=\"1024\" height=\"683\" src=\"https:\/\/i0.wp.com\/www.roelandtameling.nl\/wp-content\/uploads\/2020\/05\/3-juni-5-1-scaled-e1592138030209.jpg?fit=1024%2C683&amp;ssl=1\" class=\"attachment-large size-large wp-image-1064\" alt=\"\" \/>\t\t\t\t\t\t\t\t\t\t\t\t\t\t\t<\/div>\n\t\t\t\t<\/div>\n\t\t\t\t\t<\/div>\n\t\t<\/div>\n\t\t\t\t\t<\/div>\n\t\t<\/section>\n\t\t\t\t<\/div>\n\t\t","protected":false},"excerpt":{"rendered":"<p>Verder kijken dan je neus lang is City Result zet zich in voor een integrale benadering bij de marketingopgave voor je gebied, je stad, je regio. Een strategisch plan is daarbij een kompas. Het houdt de citymarketing op koers. Het is een waakhond, want het beschermt je tegen ondoordachte beslissingen en verleidingen. Het is een [&hellip;]<\/p>\n","protected":false},"author":3,"featured_media":0,"parent":0,"menu_order":0,"comment_status":"closed","ping_status":"closed","template":"","meta":{"footnotes":""},"class_list":["post-1115","page","type-page","status-publish","hentry"],"jetpack_sharing_enabled":true,"jetpack_likes_enabled":false,"_links":{"self":[{"href":"https:\/\/www.roelandtameling.nl\/index.php?rest_route=\/wp\/v2\/pages\/1115","targetHints":{"allow":["GET"]}}],"collection":[{"href":"https:\/\/www.roelandtameling.nl\/index.php?rest_route=\/wp\/v2\/pages"}],"about":[{"href":"https:\/\/www.roelandtameling.nl\/index.php?rest_route=\/wp\/v2\/types\/page"}],"author":[{"embeddable":true,"href":"https:\/\/www.roelandtameling.nl\/index.php?rest_route=\/wp\/v2\/users\/3"}],"replies":[{"embeddable":true,"href":"https:\/\/www.roelandtameling.nl\/index.php?rest_route=%2Fwp%2Fv2%2Fcomments&post=1115"}],"version-history":[{"count":0,"href":"https:\/\/www.roelandtameling.nl\/index.php?rest_route=\/wp\/v2\/pages\/1115\/revisions"}],"wp:attachment":[{"href":"https:\/\/www.roelandtameling.nl\/index.php?rest_route=%2Fwp%2Fv2%2Fmedia&parent=1115"}],"curies":[{"name":"wp","href":"https:\/\/api.w.org\/{rel}","templated":true}]}}